s of 4919636988.
2, 3, 7, 487, 40087
What are the prime factors of 1472059392?
2, 3, 263, 911
List the prime factors of 288401765.
5, 2083, 27691
What are the prime factors of 1570413754?
2, 7, 13, 8628647
What are the prime factors of 183707?
183707
List the prime factors of 115187011.
2521, 45691
What are the prime factors of 15746412?
2, 3, 11, 119291
List the prime factors of 5254922759.
21841, 240599
List the prime factors of 4299484113.
3, 8161, 58537
What are the prime factors of 755990443?
13, 58153111
What are the prime factors of 565092442?
2, 59, 317, 15107
What are the prime factors of 229578677?
43, 5339039
What are the prime factors of 65851255?
5, 263, 50077
List the prime factors of 133534787.
9901, 13487
List the prime factors of 367165930.
2, 5, 79, 464767
What are the prime factors of 40475356?
2, 10118839
List the prime factors of 2506793652.
2, 3, 11, 19, 59, 5647
List the prime factors of 3030952629.
3, 229, 4411867
List the prime factors of 1018085913.
3, 13, 61, 10973
List the prime factors of 5340065453.
5340065453
What are the prime factors of 543333401?
13, 41794877
What are the prime factors of 480513098?
2, 13, 263, 70271
What are the prime factors of 12612758?
2, 6306379
List the prime factors of 76784631.
3, 7, 11, 17, 19553
List the prime factors of 99158919.
3, 53, 623641
List the prime factors of 78085038.
2, 3, 13014173
What are the prime factors of 89040262?
2, 44520131
What are the prime factors of 74326286?
2, 1193, 31151
List the prime factors of 956255444.
2, 5743, 41627
List the prime factors of 198040661.
7, 13, 2176271
List the prime factors of 372275133.
3, 347, 357613
List the prime factors of 98053444.
2, 24513361
What are the prime factors of 31639260?
2, 3, 5, 23, 101, 227
List the prime factors of 294188272.
2, 7, 131, 20051
What are the prime factors of 106912533?
3, 7, 13, 23, 17027
What are the prime factors of 45295621?
7, 151, 42853
List the prime factors of 647257051.
7, 67, 1069, 1291
What are the prime factors of 519802878?
2, 3, 7, 1768037
What are the prime factors of 219079034?
2, 17, 6443501
What are the prime factors of 245173817?
7, 35024831
What are the prime factors of 418711654?
2, 209355827
What are the prime factors of 232046500?
2, 5, 7, 167, 397
What are the prime factors of 800522029?
800522029
What are the prime factors of 57193668?
2, 3, 7, 75653
What are the prime factors of 34735808?
2, 542747
List the prime factors of 26885932.
2, 6721483
What are the prime factors of 5131771350?
2, 3, 5, 34211809
List the prime factors of 71220735.
3, 5, 17, 31033
List the prime factors of 533704617.
3, 59300513
What are the prime factors of 5626265126?
2, 3251, 865313
List the prime factors of 186091282.
2, 13, 17, 19, 22159
What are the prime factors of 1372530444?
2, 3, 29, 587, 6719
What are the prime factors of 151155787?
653, 231479
List the prime factors of 126390814.
2, 11, 1979, 2903
What are the prime factors of 84695182?
2, 11, 13, 296137
What are the prime factors of 1224908506?
2, 137, 4470469
What are the prime factors of 878409397?
17, 31, 1666811
List the prime factors of 5326176.
2, 3, 109, 509
What are the prime factors of 56383567?
157, 197, 1823
List the prime factors of 122938538.
2, 463, 132763
What are the prime factors of 75968376?
2, 3, 11, 17, 16927
What are the prime factors of 1107183720?
2, 3, 5, 9226531
What are the prime factors of 220735922?
2, 11, 17, 23, 67, 383
List the prime factors of 1225533569.
13, 3389, 27817
What are the prime factors of 40447251?
3, 13, 523, 661
List the prime factors of 2212817679.
3, 421, 584011
List the prime factors of 3131229685.
5, 43, 653, 22303
List the prime factors of 1206443637.
3, 7, 19149899
List the prime factors of 123922190.
2, 5, 7, 31, 57107
List the prime factors of 343779810.
2, 3, 5, 11, 1041757
List the prime factors of 775137554.
2, 41, 9452897
List the prime factors of 179201720.
2, 5, 4480043
List the prime factors of 99747305.
5, 7, 31, 149, 617
What are the prime factors of 559137498?
2, 3, 23, 271, 14951
List the prime factors of 618974708.
2, 11, 89, 263, 601
What are the prime factors of 27028570?
2, 5, 2702857
What are the prime factors of 3684734805?
3, 5, 163, 229, 6581
What are the prime factors of 134562276?
2, 3, 17, 73291
List the prime factors of 1847004898.
2, 923502449
List the prime factors of 47708490.
2, 3, 5, 883, 1801
What are the prime factors of 504326343?
3, 83, 821, 2467
What are the prime factors of 357305598?
2, 3, 13, 23, 197, 337
What are the prime factors of 23287247?
23, 1012489
List the prime factors of 4230978.
2, 3, 705163
List the prime factors of 84954045.
3, 5, 11, 514873
List the prime factors of 46897274.
2, 167, 140411
List the prime factors of 1119820540.
2, 5, 37, 1513271
What are the prime factors of 1795306528?
2, 307, 182747
What are the prime factors of 2185402822?
2, 23, 29, 97, 16889
What are the prime factors of 2185675914?
2, 3, 37, 9845387
What are the prime factors of 1099215638?
2, 79, 359, 19379
What are the prime factors of 3234444602?
2, 61, 347, 76403
What are the prime factors of 334156968?
2, 3, 1547023
What are the prime factors of 52515566?
2, 79, 509, 653
List the prime factors of 466485205.
5, 93297041
What are the prime factors of 90962918?
2, 19, 2393761
What are the prime factors of 889049838?
2, 3, 37, 47, 139, 613
List the prime factors of 308952593.
308952593
What are the prime factors of 242869421?
467, 520063
What are the prime factors of 82285333?
13, 19, 333139
What are the prime factors of 21246622?
2, 239, 44449
What are the prime factors of 789076322?
2, 394538161
What are the prime factors of 1250960112?
2, 3, 31, 97, 107
List the prime factors of 142799180.
2, 5, 23, 310433
What are the prime factors of 12626725?
5, 157, 3217
What are the prime factors of 16511252?
2, 467, 8839
List the prime factors of 4595832.
2, 3, 21277
List the prime factors of 270722826.
2, 3, 11, 409, 3343
List the prime factors of 376855681.
179, 197, 10687
What are the prime factors of 739464679?
43, 83, 207191
List the prime factors of 2731534365.
3, 5, 7, 43, 71, 8521
What are the prime factors of 1258761880?
2, 5, 2797, 11251
What are the prime factors of 821558571?
3, 73, 3751409
What are the prime factors of 457138810?
2, 5, 1951, 23431
What are the prime factors of 221428736?
2, 19, 599
What are the prime factors of 64878354?
2, 3, 23, 52237
List the prime factors of 186784282.
2, 79, 151, 7829
List the prime factors of 110016354.
2, 3, 7, 199, 13163
What are the prime factors of 64502990?
2, 5, 6450299
List the prime factors of 5551697.
31, 53, 109
What are the prime factors of 199334525?
5, 13, 613337
List the prime factors of 15718947.
3, 19, 97, 2843
List the prime factors of 203582834.
2, 7, 13, 19, 113, 521
List the prime factors of 128904904.
2, 53, 304021
What are the prime factors of 23382570?
2, 3, 5, 149, 5231
What are the prime factors of 1571805368?
2, 7, 28067953
What are the prime factors of 56017136?
2, 7, 500153
List the prime factors of 24136171.
811, 29761
List the prime factors of 532570124.
2, 133142531
List the prime factors of 5092592278.
2, 2546296139
List the prime factors of 283301545.
5, 56660309
List the prime factors of 31051187.
19, 79, 137, 151
List the prime factors of 60151939.
60151939
List the prime factors of 7185704.
2, 898213
What are the prime factors of 85790803?
7, 12255829
List the prime factors of 623707729.
9007, 69247
What are the prime factors of 49783328?
2, 7, 222247
List the prime factors of 170101917.
3, 1097, 5743
What are the prime factors of 3732526818?
2, 3, 23040289
List the prime factors of 47251899.
3, 5250211
List the prime factors of 1066539288.
2, 3, 457, 97241
What are the prime factors of 488568573?
3, 1399, 38803
List the prime factors of 317964584.
2, 7, 29, 195791
What are the prime factors of 1163173288?
2, 83, 1751767
What are the prime factors of 2278333243?
223, 773, 13217
What are the prime factors of 45946343?
103, 446081
List the prime factors of 1352201033.
41, 383, 86111
What are the prime factors of 654266960?
2, 5, 8178337
What are the prime factors of 268982149?
113, 2380373
What are the prime factors of 132459748?
2, 2833, 11689
What are the prime factors of 32566